012222222221?
-1022012222222101
In base 13, what is bb - -57174?
57262
In base 11, what is 4a47005 - -2?
4a47007
In base 15, what is 97087 + -6?
97081
In base 7, what is -3234126 + -56?
-3234215
In base 14, what is -14a119 + 9?
-14a110
In base 7, what is 62143242 - -4?
62143246
In base 10, what is 60363 + -1563?
58800
In base 16, what is -ba282f - 12?
-ba2841
In base 12, what is 8077992 - -5?
8077997
In base 8, what is -26606 - 23400?
-52206
In base 13, what is 60c89 + -135?
60b54
In base 10, what is 4853 + 131651?
136504
In base 10, what is 0 - 22800320?
-22800320
In base 13, what is 1 - -c36102?
c36103
In base 5, what is 32012003 + 1041?
32013044
In base 3, what is 1022220110022102 - -1?
1022220110022110
In base 3, what is 102010111211 - 2210?
102010102001
In base 2, what is 1 - 110000000101011100010100000?
-110000000101011100010011111
In base 4, what is 1313211 - 113020?
1200131
In base 10, what is 4324520 - 1?
4324519
In base 10, what is -505 + 6341?
5836
In base 5, what is -12403101 + -222?
-12403323
In base 10, what is -328 + -233394?
-233722
In base 5, what is 14333132303 - 23?
14333132230
In base 3, what is -220120121220 + 12120?
-220120102100
In base 3, what is -20 - -1020212010202000?
1020212010201210
In base 11, what is 29010a43 - 8?
29010a36
In base 8, what is -1 + -1751371?
-1751372
In base 9, what is 2421 + -23327?
-20806
In base 16, what is -5d30 - 14d?
-5e7d
In base 15, what is c0 - -28a56?
28b26
In base 9, what is 270 - 1646508?
-1646228
In base 4, what is 10130 + 12000030120?
12000100310
In base 12, what is -12 + -375b10?
-375b22
In base 2, what is 1101000000100 - 101001011111?
111110100101
In base 9, what is -2 + -3184072?
-3184074
In base 13, what is -96 - 298822?
-2988b8
In base 2, what is -111011101100011001010011 - 101?
-111011101100011001011000
In base 16, what is 4 - -d1dc4?
d1dc8
In base 14, what is 15a2 - -10852?
12014
In base 5, what is 132041 - -43?
132134
In base 13, what is 2c2 - -b77?
1169
In base 16, what is -6dd717 - -8?
-6dd70f
In base 16, what is ff8 - 44a?
bae
In base 13, what is -c895b - 27?
-c8985
In base 15, what is -15d676 + -3?
-15d679
In base 3, what is -101220212 + 10220?
-101202222
In base 13, what is -2130889 - -5?
-2130884
In base 16, what is -d1c56 + 21c?
-d1a3a
In base 12, what is 361b + -a3?
3538
In base 13, what is -710 - aa09?
-b419
In base 11, what is 1 + -10228a03?
-10228a02
In base 9, what is -343348 - 318?
-343667
In base 16, what is 2 + 5ff49d?
5ff49f
In base 2, what is -1101001100111010110010 - -101?
-1101001100111010101101
In base 9, what is 45218 + -168?
45040
In base 13, what is 744933 - 3b?
7448c5
In base 6, what is -211 - 5200023?
-5200234
In base 10, what is -2642086 - 229?
-2642315
In base 10, what is 2 + 4980029?
4980031
In base 9, what is 2 - 1737156?
-1737154
In base 15, what is -2a71 + -8486?
-b007
In base 16, what is -1 + 5d84a6?
5d84a5
In base 10, what is 438812189 - 4?
438812185
In base 14, what is b10c1 - -4a?
b112b
In base 11, what is -2 + 1517a5307?
1517a5305
In base 9, what is -6378 - 31457?
-37846
In base 2, what is 10001111001 + 1001011100011000?
1001101110010001
In base 15, what is a4ae7 + 4?
a4aeb
In base 14, what is 8887 + 10746?
191cd
In base 16, what is -38a + ed?
-29d
In base 7, what is -3403244 + 2462?
-3400452
In base 16, what is 7 - 607f74?
-607f6d
In base 8, what is -125266 + 50317?
-54747
In base 6, what is -253 - 201351?
-202044
In base 14, what is -17b9665 + -4?
-17b9669
In base 8, what is -367126036 - 0?
-367126036
In base 5, what is 1102122440423 + 1?
1102122440424
In base 6, what is 35303 + -3014?
32245
In base 14, what is 3 - -18d4d09?
18d4d0c
In base 6, what is 23155223 - 35?
23155144
In base 4, what is -2311022302 + 33322?
-2310322320
In base 2, what is 1110 + -10100010001000001111000?
-10100010001000001101010
In base 13, what is c5110 + 286?
c5396
In base 2, what is 10101111111011110001111001011 + -100?
10101111111011110001111000111
In base 2, what is -1111001011011101101101100 - -100?
-1111001011011101101101000
In base 4, what is -20100232032223 - 11?
-20100232032300
In base 13, what is -4b32 + 4146?
-9b9
In base 11, what is -5 + -5856519?
-5856523
In base 10, what is 292 - -19750?
20042
In base 10, what is 201 - -220728?
220929
In base 4, what is -23100000 - 322213?
-30022213
In base 15, what is 2 - -1642cd4?
1642cd6
In base 7, what is 32 - -1012106?
1012141
In base 3, what is -22 - -12012011112122?
12012011112100
In base 11, what is -5 - -9a0921?
9a0917
In base 2, what is -100010000011011100100 - -10?
-100010000011011100010
In base 6, what is 1000254 - 13015?
543235
In base 10, what is -7623 + 626?
-6997
In base 12, what is -17b3 - 73ab?
-8ba2
In base 13, what is -4 - -2219a?
22196
In base 15, what is -306eb + 13?
-306d8
In base 3, what is -2120121011 + -221211?
-2121112222
In base 15, what is 47b64bd - -3?
47b64c1
In base 7, what is -233651 - -150?
-233501
In base 12, what is -3329 - 52b?
-3858
In base 2, what is 1010110011100 + -110110000010100?
-101011001111000
In base 4, what is -20113232302 - -12?
-20113232230
In base 3, what is 2012222212200222 - 10?
2012222212200212
In base 11, what is -2234 + 53a8?
3174
In base 15, what is 1b65b0 + -4?
1b65ab
In base 3, what is 2222 + -10120010221001?
-10120010211002
In base 13, what is -21a59a0 + 24?
-21a5979
In base 8, what is -301 - -106307?
106006
In base 12, what is -166 + -163331?
-163497
In base 9, what is -2 - 14473142?
-14473144
In base 12, what is -9885 - 104?
-9989
In base 16, what is -1d + -9a020?
-9a03d
In base 8, what is 2471 + 4421?
7112
In base 4, what is 10323 - -2121210?
2132133
In base 7, what is -16 + 600051?
600032
In base 2, what is 1011000001110001000110101 - 101?
1011000001110001000110000
In base 3, what is 10011200201120 + -10221?
10011200120122
In base 13, what is 1b05253 + a?
1b05260
In base 10, what is 58 - 331301?
-331243
In base 16, what is 1f4 - f895?
-f6a1
In base 5, what is 214140411440 - -22?
214140412012
In base 13, what is -aa + -89668?
-89745
In base 14, what is -407b325 + -5?
-407b32a
In base 7, what is -2 - -310656144?
310656142
In base 10, what is 2303 + 41580?
43883
In base 16, what is 2b6ad5 + -13?
2b6ac2
In base 8, what is -27 + 3040766?
3040737
In base 3, what is -12202 - -10122201202?
10122112000
In base 16, what is -3 - 11de52b?
-11de52e
In base 8, what is -203340 - 411?
-203751
In base 6, what is 44 + -333011530?
-333011442
In base 16, what is 3 - 4c2130d?
-4c2130a
In base 13, what is 5 + 135a32b3?
135a32b8
In base 12, what is 4a2972b - 7?
4a29724
In base 15, what is 1c82 - -b5a?
28dc
In base 14, what is -1008b + 126?
-dd65
In base 13, what is 5 - -2b385476?
2b38547b
In base 2, what is 1101010100010001011011 + 111?
1101010100010001100010
In base 10, what is -199 + 2544?
2345
In base 3, what is 11201 + 110202102212?
110202121120
In base 13, what is 41acb - -59?
41b57
In base 13, what is 156 - 3c891b?
-3c8795
In base 5, what is -302 + -11242024?
-11242331
In base 14, what is 4c75c + 44?
4c7a2
In base 13, what is -419679c - -6?
-4196796
In base 12, what is 107051 + b?
107060
In base 4, what is -2311010132212 + 0?
-2311010132212
In base 8, what is 5 - 145015251?
-145015244
In base 6, what is -12503204124 - 4?
-12503204132
In base 10, what is -1 + 1443834?
1443833
In base 14, what is -1 - -39033670?
3903366d
In base 8, what is 611140 + 2?
611142
In base 9, what is 6264 - 665?
5488
In base 10, what is -97783720 + 10?
-97783710
In base 15, what is -12b + 426d1?
425a5
In base 8, what is -5 - -40606253?
40606246
In base 8, what is 51241243 - -5?
51241250
In base 6, what is 4214042 - -510?
4214552
In base 13, what is 364 + -1643c?
-160a8
In base 11, what is -7 + a725264?
a725258
In base 4, what is 10 - -1333030112?
1333030122
In base 10, what is -43443340 + 5?
-43443335
In base 12, what is -28059 - ba4?
-29041
In base 11, what is -128 + 17136?
17009
In base 16, what is -5 + 6168d4?
6168cf
In base 6, what is -1 + 5352451321?
5352451320
In base 4, what is 1 - -1023031102032?
1023031102033
In base 6, what is 224520 + 234125?
503045
In base 2, what is -10000101101111110111 + 1100?
-10000101101111101011
In base 13, what is -6 - 507b69?
-507b72
In base 6, what is -3 - -14532040431?
14532040424
In base 13, what is 180 - -263b42?
263cc2
In base 2, what is -1100001010 - 